{"id":1986,"date":"2022-01-10T11:45:55","date_gmt":"2022-01-10T15:45:55","guid":{"rendered":"https:\/\/toacaso.gob.ec\/cotopaxi\/?page_id=1986"},"modified":"2023-06-26T16:06:08","modified_gmt":"2023-06-26T20:06:08","slug":"rendicion-de-cuentas-2022","status":"publish","type":"page","link":"https:\/\/toacaso.gob.ec\/cotopaxi\/rendicion-de-cuentas-2022\/","title":{"rendered":"Rendici\u00f3n de Cuentas 2022"},"content":{"rendered":"<p style=\"text-align: center;\"><span style=\"font-size: 18pt; font-family: 'times new roman', times, serif; color: #000000;\"><strong>RENDICI\u00d3N DE CUENTAS A\u00d1O 2022<\/strong><\/span><\/p>\n<p style=\"text-align: left;\"><span style=\"color: #000000;\"><strong>PROCESO RENDICI\u00d3N DE CUENTAS CORRESPONDIENTE AL A\u00d1O 2022<\/strong><\/span><\/p>\n<p><strong>FASE 1\u00a0<\/strong><\/p>\n<p><a href=\"https:\/\/toacaso.gob.ec\/cotopaxi\/wp-content\/uploads\/2023\/03\/Mapeo-de-Actores-ano-202220230328_08521243.pdf\">Mapeo de Actores a\u00f1o 202220230328_08521243<\/a><\/p>\n<p><a href=\"https:\/\/toacaso.gob.ec\/cotopaxi\/wp-content\/uploads\/2023\/03\/Hoja-Ruta-ano-202220230328_08530135.pdf\">Hoja Ruta a\u00f1o 202220230328_08530135<\/a><\/p>\n<p><a href=\"https:\/\/toacaso.gob.ec\/cotopaxi\/wp-content\/uploads\/2023\/03\/Matriz-levantamiento-consulta-ciudadana-ano-202220230328_09205568.pdf\">Matriz levantamiento consulta ciudadana a\u00f1o 202220230328_09205568<\/a><\/p>\n<p><a href=\"https:\/\/toacaso.gob.ec\/cotopaxi\/wp-content\/uploads\/2023\/03\/LEVANTAMIENTO-DE-CONSULTA-CIUDADANA.pdf\">LEVANTAMIENTO DE CONSULTA CIUDADANA<\/a><\/p>\n<p><a href=\"https:\/\/toacaso.gob.ec\/cotopaxi\/wp-content\/uploads\/2023\/03\/Oficio-entrega-documentos-rendicion-202220230328_14553356.pdf\">Oficio entrega documentos rendicion 202220230328_14553356<\/a><\/p>\n<p><strong>FASE 2<\/strong><\/p>\n<p><a href=\"https:\/\/toacaso.gob.ec\/cotopaxi\/wp-content\/uploads\/2023\/04\/Informe-rendicion-202220230426_10343484.pdf\">Informe rendicion 202220230426_10343484<\/a><\/p>\n<p><a href=\"https:\/\/toacaso.gob.ec\/cotopaxi\/wp-content\/uploads\/2023\/04\/Recibido-Informe-rendicion-202220230426_10385824.pdf\">Recibido Informe rendicion 202220230426_10385824<\/a><\/p>\n<p><a href=\"https:\/\/toacaso.gob.ec\/cotopaxi\/wp-content\/uploads\/2023\/05\/ENTREGA-DE-INFORME20230517_15580913.pdf\">ENTREGA DE INFORME20230517_15580913<\/a><\/p>\n<p><a href=\"https:\/\/toacaso.gob.ec\/cotopaxi\/wp-content\/uploads\/2023\/05\/INFORME-RENDICION20230517_16074855.pdf\">INFORME RENDICION20230517_16074855<\/a><\/p>\n<p><a href=\"https:\/\/toacaso.gob.ec\/cotopaxi\/wp-content\/uploads\/2023\/05\/APROVACION-DE-INFORME20230517_15584063.pdf\">APROVACION DE INFORME20230517_15584063<\/a><\/p>\n<p><strong><a href=\"https:\/\/toacaso.gob.ec\/cotopaxi\/wp-content\/uploads\/2023\/06\/RENDICION-GADS-3-Autoguardado-2.pdf\">RENDICION GADS (3) (Autoguardado) (2)<\/a><\/strong><\/p>\n<p><strong><a href=\"https:\/\/toacaso.gob.ec\/cotopaxi\/wp-content\/uploads\/2023\/06\/FORMATO-RENDICION-GADSpdf.pdf\">FORMATO RENDICION GADSpdf<\/a><\/strong><\/p>\n<p><strong><a href=\"https:\/\/toacaso.gob.ec\/cotopaxi\/wp-content\/uploads\/2023\/06\/Oficio-rendicion-202220230626_12274656.pdf\">Oficio rendicion 202220230626_12274656<\/a><\/strong><\/p>\n<p><strong>FASE 3<\/strong><\/p>\n<p><a href=\"https:\/\/www.facebook.com\/photo?fbid=1456950891376338&amp;set=a.123512481386859\">https:\/\/www.facebook.com\/photo?fbid=1456950891376338&amp;set=a.123512481386859<\/a><\/p>\n<p><a href=\"https:\/\/www.facebook.com\/100011843238321\/videos\/557801273211453\/\">https:\/\/www.facebook.com\/100011843238321\/videos\/557801273211453\/<\/a><\/p>\n<p><a href=\"https:\/\/toacaso.gob.ec\/cotopaxi\/wp-content\/uploads\/2023\/06\/Acta-compromiso-rendicion-2022-4.pdf\">Acta compromiso rendicion 2022 (4)<\/a><\/p>\n","protected":false},"excerpt":{"rendered":"<p>RENDICI\u00d3N DE CUENTAS A\u00d1O 2022 PROCESO RENDICI\u00d3N DE CUENTAS CORRESPONDIENTE AL A\u00d1O 2022 FASE 1\u00a0 Mapeo de Actores a\u00f1o 202220230328_08521243 Hoja Ruta a\u00f1o 202220230328_08530135 Matriz levantamiento consulta ciudadana a\u00f1o 202220230328_09205568 LEVANTAMIENTO DE CONSULTA CIUDADANA Oficio entrega documentos rendicion 202220230328_14553356 FASE 2 Informe rendicion 202220230426_10343484 Recibido Informe rendicion 202220230426_10385824 ENTREGA DE INFORME20230517_15580913 INFORME RENDICION20230517_16074855 APROVACION DE [&hellip;]<\/p>\n","protected":false},"author":2,"featured_media":0,"parent":0,"menu_order":0,"comment_status":"closed","ping_status":"closed","template":"","meta":{"footnotes":""},"yst_prominent_words":[28,23,27,30,25,22],"class_list":["post-1986","page","type-page","status-publish","hentry"],"_links":{"self":[{"href":"https:\/\/toacaso.gob.ec\/cotopaxi\/wp-json\/wp\/v2\/pages\/1986","targetHints":{"allow":["GET"]}}],"collection":[{"href":"https:\/\/toacaso.gob.ec\/cotopaxi\/wp-json\/wp\/v2\/pages"}],"about":[{"href":"https:\/\/toacaso.gob.ec\/cotopaxi\/wp-json\/wp\/v2\/types\/page"}],"author":[{"embeddable":true,"href":"https:\/\/toacaso.gob.ec\/cotopaxi\/wp-json\/wp\/v2\/users\/2"}],"replies":[{"embeddable":true,"href":"https:\/\/toacaso.gob.ec\/cotopaxi\/wp-json\/wp\/v2\/comments?post=1986"}],"version-history":[{"count":14,"href":"https:\/\/toacaso.gob.ec\/cotopaxi\/wp-json\/wp\/v2\/pages\/1986\/revisions"}],"predecessor-version":[{"id":2527,"href":"https:\/\/toacaso.gob.ec\/cotopaxi\/wp-json\/wp\/v2\/pages\/1986\/revisions\/2527"}],"wp:attachment":[{"href":"https:\/\/toacaso.gob.ec\/cotopaxi\/wp-json\/wp\/v2\/media?parent=1986"}],"wp:term":[{"taxonomy":"yst_prominent_words","embeddable":true,"href":"https:\/\/toacaso.gob.ec\/cotopaxi\/wp-json\/wp\/v2\/yst_prominent_words?post=1986"}],"curies":[{"name":"wp","href":"https:\/\/api.w.org\/{rel}","templated":true}]}}